u - 7. Let w(i) = -6*i + 8. Let n(m) = y*f(m) + 6*w(m). Calculate n(1).
-2
Let c(g) = g - 3. Let x be 12/(-20) + 64/(-10). What is c(x)?
-10
Let i(g) = -g**3 + 2*g**2 + 3*g - 4. Let w(a) = 2*a**2 + 3*a - 3. Let h be w(2). Suppose 17 + h = 4*x. Suppose x*n - 15 = 2*n. What is i(n)?
-4
Let u(s) = -s**2 - 3*s - 2. Let d be (1/(1 - 0))/(14/(-28)). Determine u(d).
0
Suppose 187*y - 168*y = 304. Let a(w) = w**3 - 16*w**2 - 16. What is a(y)?
-16
Let q(r) be the second derivative of -r**4/12 - 7*r**3/3 - 21*r**2/2 - 157*r - 2. Determine q(-13).
-8
Let z(c) = -c**2 - c + 6. Let x = -51 - -53. Suppose -x*t - 2 = -3*i, 0 = -5*t - 1 - 4. Calculate z(i).
6
Let z(w) = -11*w. Let f = 202 - 201. Give z(f).
-11
Let s(n) be the third derivative of -n**7/840 - 7*n**6/360 - n**5/120 - n**4/12 - 2*n**3/3 + 19*n**2. Let w(a) be the first derivative of s(a). Give w(-7).
5
Suppose 8*x - 15 = 3*x. Suppose 12 = 4*o - 2*b - 4, o - x*b - 4 = 0. Let s be o - (-2 - (-6 + 3)). Let n(y) = -y**3 + 2*y**2 - 2*y + 3. Give n(s).
-12
Suppose 0 = 2*a - w - 2513 + 39, -5*a + 6191 = -4*w. Let h(x) = -a*x + 1238*x - 1 - 2 - 3*x**2. Give h(2).
-9
Let q(a) be the first derivative of -3*a**4/4 + a**3/3 + a**2 + a + 16. Suppose 0*d - 2*d = 2. Calculate q(d).
3
Let i(d) be the third derivative of -d**5/60 - d**4/8 + 5*d**3/3 - 425*d**2. What is i(-8)?
-30
Let w(a) = -a**3 - 7*a**2 - 5. Let b(m) = m**3 + 9*m**2 + 3*m + 20. Let g(v) = -4*v + 19. Let x be g(7). Let r be b(x). What is w(r)?
-5
Let r(s) = -10 - s + 0*s + 18. Give r(12).
-4
Suppose 7*a - 13 = 113. Let v(h) = 12*h - 14 + a - 13*h. Determine v(0).
4
Let j(d) = d**2 - 9. Let o be (-7)/21*(-9)/(-1). Let s be j(o). Let q(m) = -m**3 + m**2 - m - 3. Determine q(s).
-3
Let r(o) = -2*o**2 - 3*o + 2. Let b(p) = -p**3 + 13*p**2 + 15*p + 10. Let z be b(14). Suppose -9*y + y = z. Calculate r(y).
-7
Let l(y) = y + 2. Let p = 39 - 45. Let j be 47/p - 17/102. What is l(j)?
-6
Let l(i) = 3*i**3 + 2*i**2 - 3*i + 37. Let y(t) = -t**2 + t. Let g(a) = -l(a) - 2*y(a). Let p(s) be the first derivative of g(s). Give p(-1).
-8
Let s(i) = 2*i**2 + 3*i + 3. Let b = 19 + -16. Let f be (b/(-2))/((-45)/(-60)). Calculate s(f).
5
Let i(d) = -5*d**3 - 21*d**2 + 29*d - 40. Let v(x) = 3*x**3 + 14*x**2 - 19*x + 26. Let b(n) = -5*i(n) - 8*v(n). What is b(6)?
-2
Let k(r) = -r**3 + 13*r**2 - r + 18. Let v(y) = -7*y + 181. Let h be v(24). Determine k(h).
5
Let z(f) = -5*f - 1. Let p(y) = 40*y + 3. Let n(v) = -p(v) - 2*z(v). Determine n(-1).
29
Let x(t) = t**2 + 2*t - 12*t**2 - t**2 + 1 - 4 + 13*t**2. Calculate x(0).
-3
Let v be 6/4*8/(-12). Let b(s) = -1 + 401*s**2 + 1 - 400*s**2. What is b(v)?
1
Let g be 3/2*(-16)/(-12). Let l(i) = g - 7*i + 137*i**2 - 139*i**2 - 4*i. Let p be l(-5). Let q(c) = -c**2 + 9*c - 6. Determine q(p).
8
Let x(f) = -2*f**2 - f - 1. Suppose -27*y = -26*y + 2. Give x(y).
-7
Let y = -64 - -69. Let j(d) = 8*d**2 + 40 - 6*d**3 - 19 + 9*d + y*d**3 - 26. Determine j(9).
-5
Let r(o) be the first derivative of o**2/2 + 7*o - 39. Give r(6).
13
Let f = 0 - -5. Suppose 23 = -f*b - 2. Let q(t) be the first derivative of -3*t**2/2 - 3*t - 8. Give q(b).
12
Let k = 442 - 438. Let a(j) be the second derivative of -j**5/20 + j**4/3 - j**3/2 + 5*j**2/2 - j. Calculate a(k).
-7
Suppose 0*v = -4*v + 8. Let w(j) = -11*j + v - 18*j + 30*j. Let c = -5 + 2. Determine w(c).
-1
Let a(p) be the third derivative of -p**6/120 - 11*p**5/60 + 5*p**4/12 - 7*p**3/3 + 305*p**2. What is a(-12)?
10
Let h(d) = d**2 - 3*d. Let b(o) = 72 + 8*o + 0*o**2 - o**2 - 69. Let k be b(8). Determine h(k).
0
Let u(c) be the third derivative of -c**4/6 - 5*c**3/6 + 2*c**2 + 262*c. Determine u(-4).
11
Let g(v) = 10 + 37*v - 39*v - 4. Let y(f) = -f**2 + f - 1. Let w(k) = 4*k**2 + 2. Let t(l) = w(l) + 2*y(l). Let r be t(-2). Determine g(r).
-2
Let p(j) = -j**2 + 12*j - 28. Let x(k) = 2*k + 117. Let n be x(-55). Determine p(n).
7
Let t = -14 + 18. Suppose -v = -t, u - 7 = -3*v + 11. Let n(b) = b**2 - 5*b + 3. What is n(u)?
9
Suppose 10*g = g. Let v = g - 2. Let i(j) = -8*j. Determine i(v).
16
Let w(c) = 28*c - 17*c - 47 + 47 - 10*c. Let j be (-2)/4 + 2/4. Calculate w(j).
0
Suppose -5*i - i = -4*i. Let m(n) = i*n - 109 - n + 106. What is m(0)?
-3
Let n = -1 - -4. Let s be 0/2 + 8 + -6. Let r(l) = 293*l + 2 + 5*l**2 - 3*l**s - 297*l. Determine r(n).
8
Let c(i) = 2*i - 3. Let v(r) = -7*r + 8. Let m = -1 + 4. Let s(y) = m*v(y) + 8*c(y). What is s(1)?
-5
Let d(z) = -z**2 - 9. Suppose -2*j + 4*q - 6 + 26 = 0, -2*q = 3*j + 10. What is d(j)?
-9
Let j(d) be the second derivative of 0 + 0*d**2 + 1/6*d**3 - 6*d - 1/40*d**5 + 1/180*d**6 + 0*d**4. Let b(u) be the second derivative of j(u). Calculate b(2).
2
Let p(f) = 2*f**2 + 2*f - 8. Let i(j) = -2*j**2 - 3*j + 8. Let w(s) = -5*i(s) - 6*p(s). What is w(6)?
-46
Let o = 4 + -2. Suppose o*s = -8 - 0. Let x(a) = 4*a**2 - 5*a**3 + a**3 + 5*a**3. What is x(s)?
0
Let r(l) = l**3 + 6*l**2 - 32*l - 51. Let m be r(-9). Let a(k) = -k + 11. Calculate a(m).
17
Let b(c) = 7*c**2 - 10649 - 5*c**2 + 10649. Suppose 7 = -3*a + 3*d - 2, -2*d = -5*a. Let i = a + 0. Give b(i).
8
Let t(q) = -12*q - 1. Let d = 16 - 8. Let x = d - 14. Let a = -7 - x. Determine t(a).
11
Let w = 50 + -20. Let y = w - 33. Let t(p) = p**2. Let c(u) = u**3 + 7*u**2 + u + 1. Let a(i) = c(i) - 3*t(i). What is a(y)?
7
Let f be (56/(-70))/((-1)/5). Suppose z + x + 0 - f = 0, 4*z - 4*x = 48. Let c(y) = y**2 - 8*y - 1. Determine c(z).
-1
Let x(w) be the first derivative of 5*w + 1/2*w**2 + 11. What is x(-9)?
-4
Let r(v) be the third derivative of v**4/8 - 7*v**3/2 - 522*v**2. Give r(9).
6
Let z(h) = -2*h**3 + h**2 - 2*h + 2. Let a(g) = g**3 - g**2 + g + 2. Let l(n) = -3*a(n) - 2*z(n). Give l(0).
-10
Suppose -c + 3*a + 0*a - 6 = 0, 4*c = 2*a + 6. Let o(j) be the second derivative of -1/2*j**2 + 1/2*j**3 + 1/3*j**4 + 0 - 1/20*j**5 - 12*j. Calculate o(c).
17
Let h(f) = f**3 - 5*f**2 - 6*f - 7. Suppose 4*c + s = 2*c + 25, -3*c + 48 = 5*s. Suppose -4*d + c = -1. Suppose d*v - 22 + 4 = 0. Determine h(v).
-7
Suppose -2*y + 71 = 49. Let w(d) = 27*d - y + 23 - 11 - 7*d. Determine w(1).
21
Let f(i) = -7*i**3 + 11*i**2 - 9*i - 3. Let r(b) = -31*b**3 + 44*b**2 - 39*b - 13. Let n(s) = -9*f(s) + 2*r(s). What is n(11)?
34
Let x(q) = q**2 + 11*q + 4. Let a(s) = -s**3 + 9*s**2 + 28*s - 6. Let h be a(11). Suppose j = 7*j + h. Calculate x(j).
-6
Let l(p) = p + 1. Let s be l(3). Suppose -4*z = z - 15. Suppose v - z*v + s = 0. Let h(d) = 2*d**2 - 3*d + 1. Give h(v).
3
Suppose -q - 16 = -5*q + 5*i, q - 4 = i. Let j(p) = -p**2 + 5*p - q + 14 - 2 - 7. Suppose 24 = -4*n + 8*n. Determine j(n).
-5
Let k(c) = -c**2 - 4*c + 4. Suppose -4 = -5*l + 16. Suppose -2*s - 19 = m, -4*m + 2 = -5*s - 26. Let q = s + l. Determine k(q).
4
Let v(c) = -c**3 - 4*c**2 + c - 8. Let m be v(-4). Let t = -9 - m. Let g(x) = 5*x**t - 4*x**3 + 1 + 2*x**3 - 5*x**2 - 4*x**3. What is g(-5)?
1
Let y(r) be the first derivative of r**3/3 + 5*r**2/2 - 8*r - 1. Let q be ((-4)/1*3)/2. Calculate y(q).
-2
Let v(f) = -f**2 - 8*f + 10. Suppose -3*b + 3 = 0, 0 = -3*o - 5*b + 151 - 176. Calculate v(o).
-10
Let u(c) = c**2 + 8*c + 6. Let f = -1 + 5. Let d = 4 - f. Suppose d = -w + 1 - 6. What is u(w)?
-9
Suppose -10*o + 5*u = -15*o - 65, -5*o + u - 35 = 0. Let q(t) = -t - 16. Calculate q(o).
-8
Suppose -2*n + 2*v = -0*v - 22, 2*n + 5*v - 8 = 0. Let z(x) = 0 + 4*x - 5 - 2*x**2 + 4. Let w(o) = -8*o**2 + 15*o - 4. Let u(g) = n*z(g) - 2*w(g). What is u(4)?
-9
Let s(w) = -w**2 + 5*w. Let u(r) = r**2 - 17*r - 11. Let x(o) = 2*s(o) + u(o). What is x(-6)?
-5
Let c(j) = j**2 - j. Suppose 4*u = 5*u - 7. Let d = 13 - u. Let v(n) = -n**3 + 6*n**2 + n - 6. Let f be v(d). What is c(f)?
0
Let b(u) be the first derivative of u**3/3 + 2*u**2 - 4*u - 5. Suppose q - 5*q = -16. Suppose -5*o + 6*o = -q. Calculate b(o).
-4
Suppose -5*d - 100 = -9*d. Let s(z) = -25 + d + 4*z. Suppose 0 = -w + 4*x + 7, -4*w = -3*w + 5*x + 11. Calculate s(w).
-4
Suppose -20 = -9*s + 5*s. Suppose 16 = -3*b - s*i, 0 = -b - 4*b - 2*i + 5. Let a(z) = 9*z - 3*z**b - 4*z**2 - 15*z - 2 + 3*z. Give a(-2).
12
Let b(l) = l**2 - l. Let y(g) = 3*g**2 + 4*g. Let t be ((-5)/(-15))/(2/12*-2). Let i(f) = t*y(f) + 2*b(f). Determine i(-5).
5
Let n be (1/(-3))/(1*3/45). Let k be -4 - (n - 0/(-4)). Let h(t) = 5*t. Give h(k).
5
Let g